5. Calculate the remainder when r is divided by 39.
37
Calculate the remainder when 1220/16*(-41 + 45) is divided by 88.
41
Let k be (7 - 3) + 48/3. Suppose k*g - 282 = 118. What is the remainder when 37 is divided by g?
17
Let v(x) = 69 - 13 + 6 - 4*x. What is the remainder when v(11) is divided by 4?
2
Let i = -2700 - -2727. What is the remainder when 41 is divided by i?
14
Suppose -71 = -h + 309. Suppose -5*u + 374 = j, 0 = 5*u - 0*j - 5*j - h. What is the remainder when u is divided by 13?
10
Let x be (-35)/(-10)*1700/7. Let m = x + -826. What is the remainder when m is divided by 6?
0
Calculate the remainder when -2 - 31*(-107 - -4) is divided by 152.
151
Suppose 3*o + s = -o + 3565, -3*o + 2675 = 2*s. Suppose 2*d + 9 = -d, 0 = 3*w - d - 30. Suppose -w*r = 2*r - o. Calculate the remainder when r is divided by 22.
15
Let c = 330 - 322. Suppose 27 = c*g - 77. Calculate the remainder when g is divided by 1/((-2)/(-18)) + -1.
5
What is the remainder when 7476 is divided by 3*15/2*136/36?
81
Let y be 52/(-13)*(-1 - 2/8). Suppose -28 = -4*h + y*s, -s = -8*h + 4*h + 28. What is the remainder when (1/(-2))/((-2)/52) is divided by h?
6
Calculate the remainder when 211 + (39/((-15)/(-5)) - 11) is divided by 63.
24
Suppose -6*w + 3 = 4*u - w, 0 = -2*u + w + 5. Let a(f) = f**3 - 7*f**2 + 9*f - 1. Calculate the remainder when a(6) is divided by u.
1
Let f(a) = -a**3 - 7*a**2 + 97*a + 14. Calculate the remainder when 3358 is divided by f(-14).
26
Let h(k) = 130*k**3 - 1. Let n = -799 + 825. Calculate the remainder when h(2) is divided by n.
25
Suppose -3*o - 226 = -8*o - n, 2*o - 96 = n. Suppose 14*z = o + 80. What is the remainder when 14 is divided by z?
5
Suppose -u - r = -11*u + 3*r + 1280, -4*r = 0. What is the remainder when u is divided by 9?
2
Suppose 230 = 502*p - 479*p. What is the remainder when (-133)/(-2) + 12/(-8) is divided by p?
5
Let u = 99 - 102. Calculate the remainder when 302 is divided by 61*((-5)/(-15) + (-2)/u).
58
Suppose -96 = 51*w - 861. Suppose -3096 = -w*s + 1164. Calculate the remainder when s is divided by 22.
20
Suppose 5*b = -5*m + 2885, -4*b + 3*m - 631 = -2981. What is the remainder when b is divided by 115?
8
Let m(j) = 4*j - 28. Let f be m(7). Suppose 5*b + 2*o - 37 = f, o + 26 = 3*b + 6*o. Let z = b + 8. Calculate the remainder when 42 is divided by z.
12
Let r(l) = -l + 73. Suppose 5*s + 143 = 5568. What is the remainder when s is divided by r(5)?
65
Let v(s) = 22*s + 1630. What is the remainder when 661 is divided by v(-74)?
1
Calculate the remainder when 275 is divided by (2/17 - 266/238) + 15.
9
Suppose -2688 = -7*a + a. Suppose -s = 3*v - 6*s - 313, -s + a = 4*v. Calculate the remainder when v is divided by 14.
13
Let y be ((-16)/44)/(-2) - (-144)/(-66). What is the remainder when (12 - 3)/(y/(-74)) is divided by 56?
53
Suppose -4*y + 667 + 1093 = -3*u, y - 5*u = 440. Let n = y - 406. What is the remainder when 96 is divided by n?
28
Calculate the remainder when (1 + -19)/(-14 + (-3636)/(-261)) is divided by 29/58 - (105/(-2) + 0).
49
Suppose 2*a = 2*o - 128, 224 = 3*o - a + 32. Suppose -22*x + 24605 - 9161 = 0. Calculate the remainder when x is divided by o.
62
Let g = 187 + 10. Suppose 2*a - 275 = g. Calculate the remainder when a is divided by 68.
32
Suppose -225*j + 230*j - 1169 = c, 5*c + 675 = 3*j. What is the remainder when 956 is divided by j?
16
Let z be ((-44)/(-77))/(3/(-21)). Calculate the remainder when ((-145)/(-20) + z)/((-2)/(-16)) is divided by 13.
0
Let x = 8171 + -7767. What is the remainder when x is divided by 38?
24
Let k(g) = 3*g + 51. Let w(n) = n + 25. Let x be (13/(-4))/(6/24). Let z(i) = x*w(i) + 6*k(i). What is the remainder when 49 is divided by z(6)?
5
Suppose 44*b - 43*b - 60 = 0. Suppose -4*u + 16 = -b. Calculate the remainder when 71 is divided by u.
14
What is the remainder when 295 is divided by 18/((129/215)/((-8)/(-5)))?
7
Suppose 15*z = 11*z - 8. Let x be (-136)/(-16) + ((-9)/z)/(-3). Suppose -x*g - 36 = -9*g. Calculate the remainder when g is divided by 7.
4
Suppose 49 = 5*c + 2*c. Let l(h) = 2 - 3*h**2 + 8*h + c*h**2 + 3*h**2 + h**3. What is the remainder when 31 is divided by l(-4)?
13
Let c = -311 + 746. Suppose -5*s + c = -5*y, -2*y + 0 = 2. What is the remainder when s is divided by 47?
39
Suppose -3212 - 886 = -151*y - 474. What is the remainder when 41087 is divided by y?
23
Let g = 1745 + -1808. Let h be (154/6)/((-2)/(-12)). Let n = h + g. What is the remainder when n is divided by 31?
29
Let m = 5560 - 4732. What is the remainder when m is divided by 387?
54
Let a(h) = 61*h**2 + 360*h - 2132. Calculate the remainder when a(6) is divided by 365.
34
Let y(a) = 171*a - 1382. Calculate the remainder when y(13) is divided by 13.
9
Let p = -3272 + 3340. Calculate the remainder when 806 is divided by p.
58
Suppose -3*j + 6*j - 93 = -o, 0 = -5*j + o + 155. Suppose -1109687 + 1097022 = -85*p. Calculate the remainder when p is divided by j.
25
Let t = 91280 + -91031. Suppose -21 = -3*r + 2*r. Calculate the remainder when t is divided by r.
18
Let i = -2483 + 2488. What is the remainder when 836 is divided by i?
1
Let k(b) be the first derivative of 1/3*b**3 + 3*b - 7/2*b**2 - 15. Calculate the remainder when 28 is divided by k(8).
6
Let h = 180 - 210. What is the remainder when 143 is divided by (-18)/h - (-237)/5?
47
Let r be 24/(-40) + 268/5. Suppose r*o - 56*o = -12. Let h(l) = l**2 - 2*l - 5. What is the remainder when 9 is divided by h(o)?
0
Let o(q) = q**3 + 7*q**2 + 7*q + 1. Let z be o(-5). Suppose -z*r + 46 = -15*r. Suppose -3*i + 5*i = r. Calculate the remainder when i is divided by 4.
3
Let x(d) = 3*d**2 - 3*d - 3. Let b(j) = j**3 - 132*j**2 - 970*j - 364. Calculate the remainder when b(139) is divided by x(-2).
8
Let d(a) = -a**3 + 12*a**2 + 278*a + 37. Calculate the remainder when d(-12) is divided by 125.
32
Let m(o) = o**2 + 18*o - 37. Let y be m(-20). Suppose -21 = -2*z - 3. What is the remainder when 76/(-1 + y) + -5 is divided by z?
6
Let w = -65 + 175. Let l = 19 + -25. What is the remainder when w is divided by 95*(42/175)/(l/(-10))?
34
Let z(s) = -s**2 - 14*s + 16. Suppose 13 = c - 2*d, c - 5*d + 0*d = 7. Calculate the remainder when z(-7) is divided by c.
14
Let v(b) = -2*b**2 - 54*b + 950. Let m(a) = -10*a. Calculate the remainder when v(12) is divided by m(-1).
4
Let x be (-36)/21*(-175)/10. Suppose 5*q - x = 145. Calculate the remainder when q is divided by (-120)/(-45)*(-9)/(-2).
11
Suppose -21*z + 1020 + 156 = 0. Calculate the remainder when z is divided by 12.
8
Let k(j) = -j**2 + 20*j - 9. Let d be k(7). Let b = -54 + d. Calculate the remainder when 60 - 1/1 - 4 is divided by b.
27
Let m = 2898 - 2766. What is the remainder when m is divided by 9?
6
Suppose 268*h = 454*h + 320*h - 178618. What is the remainder when h is divided by 42?
17
Suppose 0 = 8*j - 1380 + 1212. What is the remainder when 4008 is divided by j?
18
Let c(b) = -b**3 - 24*b**2 - 41*b - 942. What is the remainder when 3064 is divided by c(-24)?
40
Let a = -23824 + 24102. What is the remainder when 1047 is divided by a?
213
Suppose n + 5 = 0, -3*s + 4*n + 2395 = 8*n. Suppose 46*v - 51*v = -s. What is the remainder when v is divided by 41?
38
Let s(f) = -f**3 + 10*f**2 + 9*f - 3. Calculate the remainder when s(8) is divided by (95/(-95))/(-2 + 1)*29.
23
Suppose -1634 = -25*d + 566. Let m(j) = -2*j - 10. What is the remainder when d is divided by m(-10)?
8
Suppose 2*i = -d + 15, 4*d = -3*i + 67 + 13. Let o = -3 + d. Let m(y) = 26*y**2 + 42*y - 14. What is the remainder when m(-3) is divided by o?
14
Let y(d) = d**3 + 5*d**2 - 3*d - 8. Let f be y(3). What is the remainder when ((-52 + 0)/((-22)/f))/2 is divided by 34?
31
Let a(n) = 31*n + 1473. What is the remainder when a(-36) is divided by 126?
105
Let l = -91 - -105. Let v = l - 9. Calculate the remainder when 17 is divided by v.
2
What is the remainder when ((-9)/(-24))/((-114)/(-11248)) is divided by 10/(-4)*(-48)/15?
5
Let j = -11233 + 11279. What is the remainder when 77 is divided by j?
31
Suppose -23 = -453*k + 452*k. Let h = -621 - -1103. Calculate the remainder when h is divided by k.
22
Suppose 3*g + b + 4*b = 246, 5*g = 3*b + 376. What is the remainder when 450 is divided by g?
65
Let v(r) = -7*r - 11. Suppose -3